 be the first derivative of 4*a**2 + 6 + 1/3*a**3 + 22*a. What is the units digit of h(-10)?
2
Let l = -21 + 21. Let y = 1 - -2. Let t = y - l. What is the units digit of t?
3
Suppose -2 = 3*r + 4, -33 = -5*y + 4*r. Suppose 66 = l + x - 17, l = -y*x + 95. What is the units digit of l?
0
Suppose 81 = -4*t - 75. What is the tens digit of -10*2/(12/t)?
6
Suppose -5*j = v + 3, -5*v - 15 = -3*j + 7*j. Suppose 0 = -j*f + 5*f + 50. What is the units digit of (-78)/(-5) - 4/f?
6
Suppose -5*m - 529 = -c, -4*c + 6*c - 1102 = -m. What is the units digit of c?
9
Let v = 0 + 49. Suppose 0*b + 4*j + 350 = 5*b, -v = -b + 5*j. What is the units digit of b?
4
Let w(g) = 2*g**2 + 6*g - 2. Let m be w(-2). Let p(q) = q**3 + 8*q**2 + q + 2. What is the units digit of p(m)?
8
Suppose u - 4 = -p, -p = p - 2. Suppose -u*o = -326 + 89. What is the tens digit of o?
7
Let k be (-1172)/(-42) - 34/(-357). Let c(z) = -z**2 - 6*z - 6. Let p be c(-5). Let m = k + p. What is the tens digit of m?
2
Let t(u) = -u**3 - 4*u**2. Let d be t(-4). Suppose d = a + 2*m - 138, 0*m = 4*m - 12. What is the units digit of a?
2
Let u = -26 + 30. Suppose 3*s = -5*j - 2*s + 440, -354 = -u*j - 3*s. What is the tens digit of j?
9
Let m(n) = 11*n + 9. Let f(d) = 2*d**2 + 17*d + 5. Let c be f(-8). Let h be m(c). What is the units digit of (354/h)/((-2)/8)?
9
Let q = -369 - 251. Let d = q - -871. What is the units digit of d?
1
Suppose -28*k + 5*t - 14670 = -33*k, 5*k - 3*t - 14678 = 0. What is the tens digit of k?
3
Suppose -3*c + 7*c = -r + 305, -4*r - 2*c = -1234. Let a = r - 211. What is the tens digit of a?
9
Let s be 1*((-2)/1)/(-2). Suppose 2*d = j + 15, j - 8 = -d + s. Suppose -7*c = -11*c + d. What is the units digit of c?
2
What is the units digit of 1769/11 + 10/55?
1
Let z(h) = -h**3 + 10*h**2 + 6*h - 2. Let t be (-9 - -6)/(9/8)*-3. What is the hundreds digit of z(t)?
1
Suppose -4*l + f + 5 = 0, -2*l + 5*f + 29 = 4. Suppose l = -13*k + 10*k + 351. What is the tens digit of k?
1
Let g(t) = 2*t**2 + 16*t + 35. What is the tens digit of g(-23)?
2
Let t = 409 + 84. What is the hundreds digit of t?
4
Suppose -4588 = 11*k - 25301. What is the hundreds digit of k?
8
Suppose -5*h + 4*u = -6*h + 813, 2439 = 3*h - 4*u. What is the units digit of h?
3
Let y(j) = j - 22 + 2 - 4*j - 4*j. What is the units digit of y(-5)?
5
Suppose 21*d = 33*d - 36156. What is the thousands digit of d?
3
Let x = 1383 + -752. What is the hundreds digit of x?
6
Suppose -4*x = -4*z - 8, -5*x - 16 = 3*z + 14. Let d = 45 - z. What is the tens digit of d?
5
What is the hundreds digit of ((-1680)/90)/((-3)/27)?
1
Let n(o) = -o**2 - 2*o + 8. Let z be n(-4). Suppose z = -4*b + 328 - 60. What is the tens digit of b?
6
Suppose 20 = 4*v, 5*v = 2*k - 0*v + 19. Suppose -5*o + 245 = 3*s, k*o - o + 4 = 0. What is the tens digit of s?
8
Let v(o) = -47*o - 2*o**2 - 1 - 4*o**3 + 11*o**3 + 44*o + 5*o**2. What is the hundreds digit of v(3)?
2
Let w(o) = -o**2 + 14. Let d be w(0). Suppose -4*n = -50 - d. What is the units digit of n?
6
What is the tens digit of (78/(-5))/(0 - (-4)/(-70))?
7
Let i be 47 + -45 + -1*1*0. Suppose -s - 343 = -i*c - c, -105 = -c - 2*s. What is the units digit of c?
3
Let g = 436 - -211. What is the units digit of g?
7
Suppose -4*i - m + 56 = -23, 3*i = 2*m + 73. Let l = i - 15. What is the tens digit of (-177)/(-7) + l/(-21)?
2
Let t(h) = -h + 4. Let r be t(2). Suppose o + 6 = 2, -r*o - 48 = 5*l. What is the units digit of (-2)/l + (-1485)/(-44)?
4
Let l = -6 + 12. Suppose l = 3*z - 36. Suppose d + z = 44. What is the units digit of d?
0
Let t = 29 - 24. Suppose -t*f + 8*f = 9. What is the units digit of (-6)/(-4)*122/f?
1
Let q = 96 - 64. Let s be (-3 - -4)/((-2)/q). What is the tens digit of (-99)/22*s/3?
2
Let o(p) = -2*p**3 + p + 3*p - 2*p**2 + p - p - 2. What is the units digit of o(-5)?
8
Suppose -3*z - 1768 = -3*r - 5*z, -5*r + 4*z + 2954 = 0. What is the tens digit of r?
9
Let l(j) = 33*j + 258. What is the hundreds digit of l(17)?
8
Let x = 13 - 9. Let u(a) = -4*a - x + 1 + 15*a. What is the tens digit of u(2)?
1
Suppose 0*y = 11*y - 33. Suppose 183 = y*c + 2*l, 305 = -c + 6*c - 3*l. What is the tens digit of c?
6
Let t(d) = d**2 - 6*d + 5. Let u be t(5). Suppose -228 = -4*f - 4*h, -h - 179 = -3*f - u*h. What is the units digit of f?
9
Suppose 4*k - 10 = 2. What is the tens digit of 2 + (-140)/((-15)/k)?
3
Suppose -2700 = -58*m + 43*m. What is the tens digit of m?
8
What is the hundreds digit of 5 + ((-876)/(-8))/((-5)/(-50))?
1
Suppose -140 = -16*q + 23*q. Let y = 87 - q. What is the units digit of y?
7
Suppose 3*h - 194 = -2*k + 39, 5*k = h - 72. What is the units digit of h?
7
What is the tens digit of ((-597)/9)/(-5 - (-444)/90)?
9
Suppose -4*l - 3*x - 9 = 0, 3*x = -l + x - 1. Let v = -3 - l. Suppose -2*m + 37 + 51 = v. What is the tens digit of m?
4
Suppose 18*h - 5354 - 8038 = 0. What is the units digit of h?
4
Let j = 84 + -134. Let a = 53 + j. What is the units digit of a?
3
Suppose 0*a + 105 = 3*a. Let g = a + -22. What is the tens digit of g?
1
Let a(q) = -q**2 - 3*q - 2. Let b be a(-7). What is the tens digit of 382/6 - (-20)/b?
6
Let b(z) = 9*z - 15. Let w be b(-6). Let f = 100 + w. What is the tens digit of f?
3
Let m = 30 + -28. Suppose -3*x + 47 = m*u - 125, 4*x = -2*u + 230. What is the units digit of x?
8
Suppose 0 = 2*v - 13 + 9. Suppose -v*u - 74 = -4*u. What is the tens digit of u?
3
Let n = 32 - -1. What is the tens digit of n/77 - 543/(-7)?
7
Let q(h) = -h**2 + 17*h - 7. What is the units digit of q(16)?
9
Let z(j) = -j + 3. Let a be z(-3). Suppose -a*c - 103 = -5*c. Let f = c - -146. What is the units digit of f?
3
Let t(b) = -111*b - 6. What is the tens digit of t(-4)?
3
Suppose -44*g + 2418 = -41*g. What is the units digit of g?
6
Let t = -49 - -349. Let c = t + -213. What is the units digit of c?
7
Let c = 61 - 45. What is the units digit of (c/4)/(2/31)?
2
Suppose i - 42 = 3*i. Let u = 855 + -862. What is the units digit of u/i + (-23)/(-3)?
8
Let c(t) = t + 8*t - t + 6*t**2 - 84 + 45. What is the hundreds digit of c(6)?
2
Let p be 9/54 - (-109)/(-6). What is the tens digit of (28/5)/(p/(-90))?
2
Let c = 425 + -245. Let v = c + -103. What is the tens digit of v?
7
Let x(r) = -r**3 - 11*r**2 + 5*r + 106. What is the units digit of x(-12)?
0
Suppose -2*j = 5*p + 46, 3*p + 2*j + 35 = 5. Let l = 108 - p. Suppose -112 = -4*q + l. What is the units digit of q?
7
Let a(l) = l + 14. Suppose -60 = -3*o - 3*s, 16 = 5*s - 4. Let j be ((-20)/o)/(4/32). What is the units digit of a(j)?
4
Let m be 1/3 + 26/(-6). Let p be 10/m*8/(-10). Suppose -p*q = -q - 26. What is the tens digit of q?
2
Let d(u) = u**3 + 4*u**2 - 58*u - 1. Let j be d(6). Let g(s) = -s**3 + 3*s**2 + 4*s + 1. Let q be g(4). Let w = j + q. What is the units digit of w?
2
Suppose 5*r = -5*i + 11245, 6*i - 4*i = -3*r + 6749. What is the tens digit of r?
5
Let b(t) = t + 23. Suppose 5*c + 8 - 58 = 0. What is the units digit of b(c)?
3
Let w be (-21)/(-14) - (-6)/4. Suppose -w*b - 162 = -4*b. What is the hundreds digit of b?
1
Suppose 15 - 41 = -a. Let q = 88 - a. What is the tens digit of q?
6
Let s(v) = -v**3 - 3*v**2 + 6*v + 2. Let q be s(-5). Suppose 26 = 4*y - q. What is the tens digit of y?
1
Let s = 199 + 1272. What is the tens digit of s?
7
Let x be (6/7)/((-2)/(-14)). Let f(m) = -m**3 + 4*m**2 + 8*m - 4. Let g be f(5). Suppose -x*o = -5*o - g. What is the units digit of o?
1
Suppose c - 5*c + 32 = 0. Let s(n) = n**2 - 9*n + 22. What is the units digit of s(c)?
4
Suppose l + 4*i + 314 = -4*l, -4*i = -16. Let z = 102 + l. What is the tens digit of z?
3
Let p(q) be the second derivative of q**3/6 + 32*q**2 + q. What is the units digit of p(0)?
4
Let h = -25 - -62. Suppose -n + 25*r = 22*r - 20, 20 = n - 5*r. Suppose 5*o - h = -q, -91 = -3*q + o + n. What is the units digit of q?
7
Let l = 14 + -15. Let z(o) = -56*o + 1. What is the tens digit of z(l)?
5
Suppose -5*d + 5*m + 70 = -2*d, -2*d = -3*m - 46. Suppose 4 = 21*b - d*b. What is the units digit of b?
4
Let p = 967 - 304. What is the units digit of p?
3
Suppose 5*r - 13 - 457 = 0. Suppose -r = -4*p + 146. Suppose -p = -2*v - 3*v. What is the tens digit of v?
1
Let j = 9054 - 5879. What is the units digit of j?
5
Let z = -58 - -19. What is the tens digit of (3 - 